 y(j) = j**3 + 25*j**2 + 68*j + 52. Determine y(-22).
8
Let d(w) = w**2 + 15*w - 254. Give d(10).
-4
Let t(h) = 2*h**3 - 5*h**2 - 2. Calculate t(3).
7
Let j(v) = 29*v + 340. Determine j(-11).
21
Let d(q) = 3*q + 59. What is d(-15)?
14
Let z(b) = -b**2 + 3*b - 4. Give z(5).
-14
Let y(i) = 2*i - 52. What is y(23)?
-6
Let j(y) = -y**3 + 6*y**2 - 4*y - 6. Determine j(4).
10
Let l(h) = -11*h**2 + 7*h + 4. What is l(3)?
-74
Let y(a) = a**3 - 8*a**2 - 13*a + 5. Calculate y(9).
-31
Let o(t) = -2*t**3 + 12*t**2 - 5*t - 14. Give o(5).
11
Let m(o) = -o**2 + 7*o - 3. Give m(5).
7
Let n(p) = -p**2 + 5*p - 8. Determine n(7).
-22
Let y(b) = -b + 39. Calculate y(16).
23
Let a(h) = -h**3 + 3*h**2 + 4*h - 4. Calculate a(4).
-4
Let f(b) = -2*b**2 + 27*b + 15. Calculate f(12).
51
Let q(n) = -2*n - 7. Determine q(4).
-15
Let f(k) = k**3 - 4*k**2 - 4. Calculate f(5).
21
Let c(h) = 2*h + 28. What is c(-15)?
-2
Let z(f) = -f + 16. Determine z(13).
3
Let l(w) = 2*w**3 + 5*w + 2. Give l(-3).
-67
Let q(x) = -x**3 - 10*x**2 - 24*x - 60. Calculate q(-8).
4
Let m(v) = 16*v - 10. What is m(-3)?
-58
Let h(k) = -4*k + 25. Give h(6).
1
Let f(h) = -4*h**2 + 148*h + 10. Determine f(37).
10
Let k(a) = -2*a**2 + 29*a - 36. Calculate k(12).
24
Let m(i) = 4*i**2 - 31*i - 49. Give m(9).
-4
Let t(l) = -13*l + 1. Determine t(1).
-12
Let z(v) = 2*v**2 - 16*v - 15. Determine z(8).
-15
Let z(w) = w**3 + 13*w**2 - 2*w - 28. What is z(-13)?
-2
Let p(v) = -3*v + 43. Calculate p(6).
25
Let v(b) = -15*b - 2. Calculate v(-1).
13
Let d(p) = p**2 - 8*p + 2. Calculate d(4).
-14
Let w(d) = 2*d**2 + 27*d + 14. Calculate w(-13).
1
Let w(d) = -9*d + 1. Give w(-1).
10
Let m(d) = -d**3 + 6*d**2 + 6*d - 4. Give m(7).
-11
Let x(f) = 13*f - 148. Calculate x(11).
-5
Let c(p) = 48*p + 57. Give c(-6).
-231
Let n(x) = -2*x**3 + 15*x**2 + 5*x + 53. Determine n(8).
29
Let c(d) = d**2 - 33*d + 239. What is c(11)?
-3
Let g(f) = f**3 - 22*f**2 - 2*f + 32. Determine g(22).
-12
Let u(g) = -23*g - 11. Give u(4).
-103
Let m(w) = 4*w**3 - w**2. What is m(-1)?
-5
Let w(f) = 5*f - 10. Calculate w(2).
0
Let s(w) = w**2 - 9*w - 15. Give s(-2).
7
Let l(h) = -2*h**2 - 73*h - 78. Give l(-36).
-42
Let j(d) = d + 1. What is j(-7)?
-6
Let i(n) = -n**3 - 13*n**2 - 15*n - 10. Determine i(-12).
26
Let q(i) = -i**3 - 10*i**2 + 18*i - 16. What is q(-10)?
-196
Let c(y) = 4*y**2 - 33*y + 1. What is c(8)?
-7
Let t(b) = -b - 4. Determine t(7).
-11
Let a(r) = 14*r + 135. Determine a(-11).
-19
Let k(d) = -d + 6. Give k(-8).
14
Let d(i) = i**2 - 3*i + 17. Determine d(0).
17
Let x(f) = -2*f + 15. Calculate x(7).
1
Let g(c) = 2*c**2 + 3*c + 4. Calculate g(-2).
6
Let f(o) = -27*o - 742. Give f(-27).
-13
Let t(n) = -n**3 - 13*n**2 - n + 17. Determine t(-13).
30
Let i(x) = x**2 - 10*x + 22. Calculate i(6).
-2
Let a(u) = -u**2 + 64. Calculate a(0).
64
Let p(c) = 8*c + 25. Calculate p(-5).
-15
Let p(r) = 3*r - 18. What is p(14)?
24
Let g(w) = w**2 - 2*w + 7. Determine g(2).
7
Let z(m) = -m**2 - 4*m + 5. Calculate z(-4).
5
Let v(j) = -2*j**2 - 18*j + 174. Determine v(-15).
-6
Let u(o) = -20*o**3 + 2*o**2 + 3*o - 4. Give u(1).
-19
Let x(z) = -z**2 + 7*z + 20. What is x(7)?
20
Let h(a) = -a**2 + 9*a + 16. Give h(12).
-20
Let d(z) = -z**2 - 12*z + 13. Determine d(-9).
40
Let i(d) = d**3 + 8*d**2 + 8*d - 13. Give i(-6).
11
Let b(n) = -4*n + 35. Give b(7).
7
Let r(m) = -6*m**2 + 7*m - 4. Give r(1).
-3
Let m(s) = -s - 24. Calculate m(-12).
-12
Let s(h) = h - 4. Determine s(-5).
-9
Let x(j) = -33*j**3 + j**2. Give x(-1).
34
Let g(u) = -u**2 - 8*u + 7. Determine g(-9).
-2
Let k(v) = -v - 21. Give k(10).
-31
Let b(d) = d**2 + 6*d. Determine b(-3).
-9
Let o(y) = 2*y**3 + 5*y**2 + 6*y - 15. What is o(4)?
217
Let l(v) = -10*v + 27. Calculate l(3).
-3
Let x(f) = f**3 - 16*f**2 - 16*f - 10. Give x(17).
7
Let x(a) = a**3 - 2*a**2 + 3*a - 31. Determine x(0).
-31
Let q(o) = -o**2 + 3*o + 44. Determine q(-7).
-26
Let q(d) = -d**3 + 8*d**2 + 31*d + 20. Determine q(11).
-2
Let p(x) = x**2 + 9*x - 4. Give p(-8).
-12
Let c(q) = q - 9. Give c(0).
-9
Let r(x) = -8*x - 101. Determine r(-13).
3
Let l(g) = g**2 - 8*g + 15. What is l(3)?
0
Let g(z) = z**3 - 6*z**2 + 10*z - 26. Calculate g(5).
-1
Let g(u) = -6*u**3. What is g(1)?
-6
Let i(k) = k - 16. What is i(-19)?
-35
Let u(v) = 11*v + 6. Calculate u(-1).
-5
Let f(n) = n**2 + 10*n + 12. Determine f(-5).
-13
Let z(b) = 12*b + 3. What is z(-1)?
-9
Let o(h) = -h**3 + 16*h**2 - 10*h + 102. Give o(16).
-58
Let j(b) = 3*b**2 + 16*b - 2. Give j(-6).
10
Let i(m) = -m**3 - 13*m**2 - 15*m - 11. Determine i(-11).
-88
Let j(u) = -u**2 + 10*u - 30. What is j(6)?
-6
Let b(p) = -p**3 - 13*p**2 + 150. Give b(-12).
6
Let s(f) = -14*f**3 - f**2 - 2*f. What is s(-1)?
15
Let j(v) = -10*v + 279. Calculate j(27).
9
Let v(m) = m**3 - 31*m**2 + 27*m + 103. What is v(30)?
13
Let p(u) = -u**2 + 2*u + 2. Give p(-3).
-13
Let t(k) = -k**2 + 31*k - 22. Determine t(28).
62
Let p(u) = -u**3 + u**2 - u + 10. Determine p(0).
10
Let x(q) = q**3 + 4*q + 6. Give x(0).
6
Let u(j) = -j**2 - 20*j + 107. What is u(-24)?
11
Let c(o) = o - 3. What is c(-4)?
-7
Let n(a) = -6*a + 50. Determine n(12).
-22
Let c(m) = m**3 - 6*m**2 - 2*m + 3. Calculate c(6).
-9
Let f(l) = -l**3 + 9*l**2 + l - 33. What is f(10)?
-123
Let b(q) = q**3 - 14*q**2 + 14*q - 23. Calculate b(13).
-10
Let w(a) = -4*a - 25. What is w(-8)?
7
Let p(k) = -6*k + 184. Give p(30).
4
Let b(r) = 8*r**2 + 2*r. What is b(-2)?
28
Let p(u) = -4*u - 10. What is p(-5)?
10
Let l(x) = x**3 - 18*x**2 - 39*x - 14. Determine l(20).
6
Let b(g) = 6*g - 112. Give b(22).
20
Let d(u) = u**3 + 2*u**2 + 2. What is d(-3)?
-7
Let u(y) = -y**2 + 6*y + 5. Calculate u(7).
-2
Let v(q) = -q**2 - 2*q - 19. Give v(0).
-19
Let g(c) = 2*c**2 - 27*c + 72. What is g(9)?
-9
Let n(m) = -m**2 + 15*m + 3. Determine n(15).
3
Let m(t) = 2*t**3 - 30*t**2 - 3*t + 53. Determine m(15).
8
Let v(i) = -i**2 + 4*i + 10. Determine v(-3).
-11
Let y(b) = -6*b + 55. Determine y(9).
1
Let a(q) = -q**2 + 4*q - 5. Give a(-5).
-50
Let p(i) = 2*i**2 + 12*i - 1. Calculate p(-9).
53
Let f(a) = a**2 - a - 9. What is f(4)?
3
Let k(v) = 39*v**3 + 2*v**2 - 2*v + 1. What is k(1)?
40
Let y(z) = 14*z**3 - 4*z**2 - 1. Calculate y(2).
95
Let w(v) = -21*v + 38. Give w(3).
-25
Let v(c) = -15*c**2 - c - 3. Give v(-1).
-17
Let w(v) = 2*v**2 + 30*v + 9. What is w(-15)?
9
Let t(o) = -12*o - 5. Determine t(9).
-113
Let d(q) = q**3 - 5*q**2 - 4*q - 3. Calculate d(6).
9
Let x(s) = 6*s - 12. Give x(3).
6
Let n(o) = 22*o + 153. What is n(-7)?
-1
Let i(x) = 2*x**2 - 40*x + 2. Give i(20).
2
Let a(r) = r**3 + 8*r**2 + 16*r - 1. Determine a(-5).
-6
Let u(z) = -z**2 + 8*z - 11. Calculate u(11).
-44
Let i(a) = -a**3 + 12*a**2 - 37*a + 9. Give i(6).
3
Let d(c) = -c**3 - 34*c**2 + 70*c - 73. What is d(-36)?
-1
Let j(u) = -u**3 - 9*u**2 - 3*u + 10. Calculate j(-9).
37
Let a(z) = -z**2 + z + 13. Calculate a(6).
-17
Let m(h) = 5*h**3 - 5*h**2 + 10*h - 4. What is m(3)?
116
Let p(a) = -a**3 - 15*a**2 - 2*a - 34. What is p(-15)?
-4
Let l(y) = y - 2. Give l(5).
3
Let l(n) = -4*n - 10. Give l(12).
-58
Let q(w) = w - 1. Determine q(8).
7
Let r(p) = -p**3 - 9*p**2 - 16*p - 23. Calculate r(-7).
-9
Let i(w) = -w**3 - 9*w**2 - 19*w - 21. Determine i(-7).
14
Let s(t) = -t**2 + 11*t - 6. Determine s(12).
-18
Let j(p) = -13*p - 85. Give j(-6).
-7
Let s(o) = o**3 + 17*o**2 + 71*o + 35. Determine s(-6).
5
Let z(p) = p**2 - 3*p - 12. Give z(3).
-12
Let s(r) = -4*r - 21. Calculate s(11).
-65
Let l(d) = -d + 25. Calculate l(8).
17
Let v(m) = m**3 - 11*m**2 + 29*m - 6. What is v(6)?
-12
Let a(l) = l**2 + 18*l + 15. Determine a(-14).
-41
Let o(h) = -h**3 + 9*h**2 + 5*h - 13. What is o(9)?
32
Let n(l) = l - 35. Give n(9).
-26
Let u(g) = -6*g + 5. Determine u(1).
-1
Let j(v) = -v**3 - 30*v**2 + 33*v + 68. What is j(-31)?
6
Let q(w) = -w**3 + 11*w**2 - 13*w + 13. Give q(10).
-17
Let d(k) = k**3 - k**2 + 8*k - 48. Calculate d(4).
32
Let i(g) = -66*g + 787. Calculate i(12).
-5
Let g(w) = 3*w**2 + 40*w + 10. Give g(-13).
-3
Let q(r) = -6*r + 9. What is q(2)?
-3
Let z(g) = -g**3 - 2. Give z(0).
-2
Let d(t) = -3*t + 26. Calculate d(9).
-1
Let w(y) = y**2 - 10. Determine w(0).
-10
Let d(b) = -b**2 - 9*b - 12. What is d(-8)?
-4
Let o(z) = 8*z + 143. Calculate o(-15).
23
Let x(f) = 2*f**3 + 12*f**2 - 12*f - 67. Determ